of 414 and 162.
18
Calculate the greatest common factor of 4032 and 63.
63
What is the highest common factor of 6816 and 72?
24
What is the highest common divisor of 2024 and 805?
23
Calculate the highest common factor of 61 and 305.
61
Calculate the highest common factor of 253 and 299.
23
What is the greatest common divisor of 3162 and 102?
102
What is the highest common factor of 6 and 58?
2
What is the greatest common divisor of 14742 and 252?
126
What is the highest common factor of 12550 and 100?
50
What is the greatest common factor of 581 and 7?
7
Calculate the highest common factor of 20 and 380.
20
What is the highest common factor of 117 and 126?
9
Calculate the highest common factor of 585 and 1125.
45
What is the highest common factor of 33 and 231?
33
What is the highest common factor of 6 and 159?
3
Calculate the highest common factor of 231 and 99.
33
Calculate the highest common factor of 1377 and 135.
27
What is the highest common divisor of 5 and 65?
5
What is the greatest common divisor of 327 and 872?
109
Calculate the highest common factor of 600 and 3450.
150
What is the highest common divisor of 528 and 88?
88
Calculate the greatest common divisor of 1184 and 1332.
148
What is the highest common divisor of 4563 and 27?
27
Calculate the highest common divisor of 1750 and 70.
70
Calculate the highest common factor of 18 and 528.
6
What is the greatest common factor of 30 and 12?
6
What is the greatest common factor of 1011 and 1?
1
Calculate the greatest common divisor of 65 and 208.
13
What is the highest common divisor of 175 and 14?
7
Calculate the greatest common divisor of 112 and 1984.
16
Calculate the greatest common divisor of 725 and 29.
29
Calculate the highest common factor of 377 and 29.
29
Calculate the highest common divisor of 4 and 106.
2
What is the highest common divisor of 147 and 343?
49
What is the highest common factor of 77 and 88627?
77
Calculate the highest common factor of 23 and 276.
23
What is the greatest common divisor of 99 and 2?
1
Calculate the highest common divisor of 2724 and 24.
12
Calculate the highest common divisor of 2925 and 25.
25
What is the highest common factor of 210 and 30?
30
Calculate the greatest common divisor of 1190 and 245.
35
Calculate the highest common divisor of 533 and 221.
13
What is the greatest common divisor of 274 and 685?
137
Calculate the highest common factor of 1404 and 1144.
52
What is the highest common factor of 3 and 108?
3
What is the greatest common divisor of 1550 and 2945?
155
Calculate the highest common factor of 7290 and 30.
30
Calculate the highest common divisor of 2400 and 1280.
160
What is the greatest common factor of 16 and 16?
16
What is the greatest common divisor of 18 and 70?
2
Calculate the greatest common factor of 17 and 2618.
17
Calculate the greatest common divisor of 62 and 32302.
62
What is the highest common factor of 300 and 475?
25
Calculate the highest common divisor of 39 and 26247.
39
What is the greatest common factor of 13 and 325?
13
Calculate the greatest common divisor of 962 and 222.
74
What is the greatest common divisor of 35 and 112?
7
What is the highest common factor of 27 and 117?
9
Calculate the greatest common divisor of 143 and 351.
13
Calculate the greatest common divisor of 2979 and 36.
9
What is the greatest common divisor of 98 and 686?
98
Calculate the greatest common factor of 61418 and 7.
7
Calculate the greatest common divisor of 189 and 273.
21
What is the greatest common factor of 22344 and 12?
12
Calculate the highest common factor of 540 and 60.
60
Calculate the highest common factor of 15 and 915.
15
What is the highest common divisor of 55 and 2915?
55
What is the highest common divisor of 172 and 3913?
43
What is the greatest common factor of 99 and 605?
11
Calculate the greatest common divisor of 275 and 77.
11
Calculate the highest common factor of 220 and 140.
20
What is the greatest common divisor of 4500 and 540?
180
What is the greatest common divisor of 133 and 1007?
19
What is the greatest common factor of 60 and 735?
15
Calculate the greatest common factor of 486 and 2997.
81
What is the greatest common divisor of 66 and 3201?
33
What is the highest common divisor of 492 and 4797?
123
Calculate the greatest common factor of 9 and 1611.
9
What is the greatest common divisor of 238 and 34?
34
What is the greatest common factor of 22 and 242?
22
What is the highest common divisor of 12 and 1578?
6
What is the greatest common factor of 4498 and 13?
13
What is the highest common divisor of 792 and 110?
22
Calculate the highest common factor of 45 and 885.
15
Calculate the greatest common divisor of 273 and 189.
21
What is the greatest common factor of 28 and 301?
7
What is the highest common factor of 120 and 37320?
120
What is the highest common divisor of 21 and 7?
7
Calculate the highest common divisor of 323 and 57.
19
What is the greatest common divisor of 121 and 11?
11
Calculate the greatest common divisor of 1736 and 504.
56
Calculate the highest common factor of 144 and 4608.
144
What is the greatest common factor of 16752 and 12?
12
What is the highest common divisor of 86 and 32?
2
What is the highest common factor of 25 and 425?
25
Calculate the greatest common factor of 27 and 6507.
27
Calculate the highest common divisor of 57 and 6.
3
What is the greatest common factor of 361 and 247?
19
What is the greatest common divisor of 358 and 3401?
179
Calculate the highest common factor of 234 and 35334.
234
What is the greatest common factor of 15012 and 36?
36
What is the highest common factor of 4117 and 716?
179
Calculate the greatest common factor of 70 and 22645.
35
What is the highest common divisor of 111 and 185?
37
What is the highest common factor of 3978 and 54?
18
Calculate the highest common divisor of 1938 and 102.
102
Calculate the greatest common factor of 10 and 2.
2
What is the greatest common divisor of 60 and 960?
60
What is the greatest common factor of 416 and 16?
16
Calculate the greatest common factor of 6 and 186.
6
Calculate the highest common divisor of 2 and 82.
2
What is the highest common divisor of 9 and 4419?
9
Calculate the greatest common factor of 12 and 1896.
12
What is the highest common divisor of 442 and 26?
26
Calculate the highest common factor of 144 and 1224.
72
What is the greatest common factor of 984 and 72?
24
Calculate the greatest common factor of 32 and 32.
32
What is the highest common factor of 23 and 437?
23
What is the greatest common divisor of 9204 and 156?
156
Calculate the greatest common divisor of 22 and 352.
22
What is the highest common divisor of 9430 and 1265?
115
Calculate the highest common factor of 111 and 111.
111
Calculate the highest common divisor of 20 and 110.
10
Calculate the greatest common divisor of 12 and 132.
12
What is the highest common divisor of 25 and 14475?
25
Calculate the highest common factor of 9 and 360.
9
What is the highest common divisor of 24 and 6198?
6
Calculate the highest common divisor of 6 and 1322.
2
Calculate the highest common factor of 198 and 561.
33
What is the greatest common divisor of 19227 and 117?
39
What is the greatest common divisor of 14675 and 100?
25
Calculate the highest common factor of 16261 and 23.
23
Calculate the highest common factor of 345 and 15.
15
What is the greatest common divisor of 117 and 52?
13
Calculate the greatest common factor of 5 and 96.
1
What is the highest common divisor of 78 and 1?
1
What is the greatest common factor of 100 and 125?
25
What is the highest common factor of 126 and 198?
18
Calculate the greatest common factor of 238 and 374.
34
Calculate the highest common factor of 11 and 3344.
11
What is the greatest common divisor of 377 and 29?
29
What is the highest common factor of 99 and 23661?
99
Calculate the highest common factor of 11 and 7986.
11
Calculate the greatest common factor of 64 and 712.
8
Calculate the greatest common factor of 12 and 246.
6
Calculate the highest common divisor of 7141 and 37.
37
Calculate the highest common factor of 108 and 14094.
54
Calculate the greatest common factor of 75 and 27.
3
Calculate the highest common factor of 9 and 6021.
9
What is the greatest common divisor of 414 and 690?
13